{"id":10362,"date":"2025-11-18T19:02:29","date_gmt":"2025-11-18T19:02:29","guid":{"rendered":"https:\/\/edcelulares.com.br\/?post_type=product&#038;p=10362"},"modified":"2025-11-18T22:32:29","modified_gmt":"2025-11-18T22:32:29","slug":"iphone-12-128gb-semi-novo-vitrine","status":"publish","type":"product","link":"https:\/\/edcelulares.com.br\/pt\/produto\/iphone-12-128gb-semi-novo-vitrine\/","title":{"rendered":"iPhone 12 128 GB \u2013 Semi novo Vitrine (Sa\u00fade da bateria 85%-100%)"},"content":{"rendered":"<p data-start=\"526\" data-end=\"821\">Este \u00e9 um <strong data-start=\"536\" data-end=\"566\">iPhone 12 seminovo vitrine<\/strong>, original, testado e em perfeito funcionamento. Garantimos <strong data-start=\"626\" data-end=\"649\">90 dias de garantia<\/strong> contra defeito de fabrica\u00e7\u00e3o. O fornecedor assegura uma sa\u00fade m\u00ednima de <strong data-start=\"722\" data-end=\"729\">85%<\/strong> na bateria; dependendo do lote, pode chegar a <strong data-start=\"776\" data-end=\"784\">100%<\/strong>, por isso informamos esse intervalo.<\/p>\n<p data-start=\"823\" data-end=\"917\">Por se tratar de aparelho seminovo vitrine, <strong data-start=\"867\" data-end=\"884\">n\u00e3o acompanha<\/strong> cabo, caixa ou manual originais.<\/p>\n<p data-start=\"919\" data-end=\"1043\">\u2714\ufe0f Produto original<br data-start=\"938\" data-end=\"941\" \/>\u2714\ufe0f Totalmente testado<br data-start=\"962\" data-end=\"965\" \/>\u2714\ufe0f Sa\u00fade da bateria garantida entre 85% e 100%<br data-start=\"1011\" data-end=\"1014\" \/>\u2714\ufe0f Pronto para uso imediato<\/p>\n<p data-start=\"1045\" data-end=\"1091\"><strong data-start=\"1045\" data-end=\"1089\">Descri\u00e7\u00e3o oficial do fabricante (Apple):<\/strong><\/p>\n<ul data-start=\"1092\" data-end=\"1969\">\n<li data-start=\"1092\" data-end=\"1177\">\n<p data-start=\"1094\" data-end=\"1177\">O iPhone 12 foi lan\u00e7ado pela Apple em 2020. <span class=\"\" data-state=\"closed\"><span class=\"ms-1 inline-flex max-w-full items-center relative top-[-0.094rem] animate-[show_150ms_ease-in]\" data-testid=\"webpage-citation-pill\"><a class=\"flex h-4.5 overflow-hidden rounded-xl px-2 text-[9px] font-medium transition-colors duration-150 ease-in-out text-token-text-secondary! bg-[#F4F4F4]! dark:bg-[#303030]!\" href=\"https:\/\/support.apple.com\/pt-br\/111876?utm_source=chatgpt.com\" target=\"_blank\" rel=\"noopener\"><span class=\"relative start-0 bottom-0 flex h-full w-full items-center\"><span class=\"flex h-4 w-full items-center justify-between\"><span class=\"max-w-[15ch] grow truncate overflow-hidden text-center\">Suporte da Apple<\/span><span class=\"-me-1 flex h-full items-center rounded-full px-1 text-[#8F8F8F]\">+1<\/span><\/span><\/span><\/a><\/span><\/span><\/p>\n<\/li>\n<li data-start=\"1178\" data-end=\"1305\">\n<p data-start=\"1180\" data-end=\"1305\">A frente \u00e9 em <strong data-start=\"1194\" data-end=\"1212\">Ceramic Shield<\/strong>, a parte de tr\u00e1s em vidro e a estrutura em alum\u00ednio. <span class=\"\" data-state=\"closed\"><span class=\"ms-1 inline-flex max-w-full items-center relative top-[-0.094rem] animate-[show_150ms_ease-in]\" data-testid=\"webpage-citation-pill\"><a class=\"flex h-4.5 overflow-hidden rounded-xl px-2 text-[9px] font-medium transition-colors duration-150 ease-in-out text-token-text-secondary! bg-[#F4F4F4]! dark:bg-[#303030]!\" href=\"https:\/\/support.apple.com\/en-by\/111876?utm_source=chatgpt.com\" target=\"_blank\" rel=\"noopener\"><span class=\"relative start-0 bottom-0 flex h-full w-full items-center\"><span class=\"flex h-4 w-full items-center justify-between\"><span class=\"max-w-[15ch] grow truncate overflow-hidden text-center\">Suporte da Apple<\/span><span class=\"-me-1 flex h-full items-center rounded-full px-1 text-[#8F8F8F]\">+2<\/span><\/span><span class=\"flex h-4 w-full items-center justify-between absolute\"><span class=\"max-w-[15ch] grow truncate overflow-hidden text-center\">Suporte da Apple<\/span><span class=\"-me-1 flex h-full items-center rounded-full px-1 text-[#8F8F8F]\">+2<\/span><\/span><\/span><\/a><\/span><\/span><\/p>\n<\/li>\n<li data-start=\"1306\" data-end=\"1385\">\n<p data-start=\"1308\" data-end=\"1385\">Vem com o processador <strong data-start=\"1330\" data-end=\"1344\">A14 Bionic<\/strong>. <span class=\"\" data-state=\"closed\"><span class=\"ms-1 inline-flex max-w-full items-center relative top-[-0.094rem] animate-[show_150ms_ease-in]\" data-testid=\"webpage-citation-pill\"><a class=\"flex h-4.5 overflow-hidden rounded-xl px-2 text-[9px] font-medium transition-colors duration-150 ease-in-out text-token-text-secondary! bg-[#F4F4F4]! dark:bg-[#303030]!\" href=\"https:\/\/support.apple.com\/en-by\/111876?utm_source=chatgpt.com\" target=\"_blank\" rel=\"noopener\"><span class=\"relative start-0 bottom-0 flex h-full w-full items-center\"><span class=\"flex h-4 w-full items-center justify-between overflow-hidden\"><span class=\"max-w-[15ch] grow truncate overflow-hidden text-center\">Suporte da Apple<\/span><\/span><\/span><\/a><\/span><\/span><\/p>\n<\/li>\n<li data-start=\"1386\" data-end=\"1520\">\n<p data-start=\"1388\" data-end=\"1520\">Possui sistema de <strong data-start=\"1406\" data-end=\"1431\">c\u00e2mera dupla de 12 MP<\/strong>: grande-angular (\u0192\/1.6) e ultra-angular (\u0192\/2.4). <span class=\"\" data-state=\"closed\"><span class=\"ms-1 inline-flex max-w-full items-center relative top-[-0.094rem] animate-[show_150ms_ease-in]\" data-testid=\"webpage-citation-pill\"><a class=\"flex h-4.5 overflow-hidden rounded-xl px-2 text-[9px] font-medium transition-colors duration-150 ease-in-out text-token-text-secondary! bg-[#F4F4F4]! dark:bg-[#303030]!\" href=\"https:\/\/support.apple.com\/pt-br\/111876?utm_source=chatgpt.com\" target=\"_blank\" rel=\"noopener\"><span class=\"relative start-0 bottom-0 flex h-full w-full items-center\"><span class=\"flex h-4 w-full items-center justify-between overflow-hidden\"><span class=\"max-w-[15ch] grow truncate overflow-hidden text-center\">Suporte da Apple<\/span><\/span><\/span><\/a><\/span><\/span><\/p>\n<\/li>\n<li data-start=\"1521\" data-end=\"1650\">\n<p data-start=\"1523\" data-end=\"1650\">Suporta <strong data-start=\"1531\" data-end=\"1547\">modo Retrato<\/strong> com Profundidade, Modo Noite, Deep Fusion e HDR Inteligente 3. <span class=\"\" data-state=\"closed\"><span class=\"ms-1 inline-flex max-w-full items-center relative top-[-0.094rem] animate-[show_150ms_ease-in]\" data-testid=\"webpage-citation-pill\"><a class=\"flex h-4.5 overflow-hidden rounded-xl px-2 text-[9px] font-medium transition-colors duration-150 ease-in-out text-token-text-secondary! bg-[#F4F4F4]! dark:bg-[#303030]!\" href=\"https:\/\/support.apple.com\/pt-br\/111876?utm_source=chatgpt.com\" target=\"_blank\" rel=\"noopener\"><span class=\"relative start-0 bottom-0 flex h-full w-full items-center\"><span class=\"flex h-4 w-full items-center justify-between overflow-hidden\"><span class=\"max-w-[15ch] grow truncate overflow-hidden text-center\">Suporte da Apple<\/span><\/span><\/span><\/a><\/span><\/span><\/p>\n<\/li>\n<li data-start=\"1651\" data-end=\"1803\">\n<p data-start=\"1653\" data-end=\"1803\">A tela \u00e9 <strong data-start=\"1662\" data-end=\"1695\">Super Retina XDR OLED de 6,1\u2033<\/strong> (diagonal), com resolu\u00e7\u00e3o de 2532 \u00d7 1170 px e densidade de 460 ppi. <span class=\"\" data-state=\"closed\"><span class=\"ms-1 inline-flex max-w-full items-center relative top-[-0.094rem] animate-[show_150ms_ease-in]\" data-testid=\"webpage-citation-pill\"><a class=\"flex h-4.5 overflow-hidden rounded-xl px-2 text-[9px] font-medium transition-colors duration-150 ease-in-out text-token-text-secondary! bg-[#F4F4F4]! dark:bg-[#303030]!\" href=\"https:\/\/support.apple.com\/pt-br\/111876?utm_source=chatgpt.com\" target=\"_blank\" rel=\"noopener\"><span class=\"relative start-0 bottom-0 flex h-full w-full items-center\"><span class=\"flex h-4 w-full items-center justify-between overflow-hidden\"><span class=\"max-w-[15ch] grow truncate overflow-hidden text-center\">Suporte da Apple<\/span><\/span><\/span><\/a><\/span><\/span><\/p>\n<\/li>\n<li data-start=\"1804\" data-end=\"1969\">\n<p data-start=\"1806\" data-end=\"1969\">Classifica\u00e7\u00e3o de resist\u00eancia: <strong data-start=\"1836\" data-end=\"1844\">IP68<\/strong>, suporta at\u00e9 6 metros de profundidade por at\u00e9 30 minutos, segundo a norma IEC 60529. <span class=\"\" data-state=\"closed\"><span class=\"ms-1 inline-flex max-w-full items-center relative top-[-0.094rem] animate-[show_150ms_ease-in]\" data-testid=\"webpage-citation-pill\"><a class=\"flex h-4.5 overflow-hidden rounded-xl px-2 text-[9px] font-medium transition-colors duration-150 ease-in-out text-token-text-secondary! bg-[#F4F4F4]! dark:bg-[#303030]!\" href=\"https:\/\/support.apple.com\/pt-br\/111876?utm_source=chatgpt.com\" target=\"_blank\" rel=\"noopener\"><span class=\"relative start-0 bottom-0 flex h-full w-full items-center\"><span class=\"flex h-4 w-full items-center justify-between overflow-hidden\"><span class=\"max-w-[15ch] grow truncate overflow-hidden text-center\">Suporte da Apple<\/span><\/span><\/span><\/a><\/span><\/span><\/p>\n<\/li>\n<\/ul>\n","protected":false},"excerpt":{"rendered":"<p data-start=\"2031\" data-end=\"2201\">iPhone 12 128 GB seminovo vitrine \u2014 sa\u00fade da bateria de 85%-100%, nas cores <strong data-start=\"2107\" data-end=\"2155\">branco, lil\u00e1s, azul, vermelho, preto e verde<\/strong>; original, testado e com 90 dias de garantia.<\/p>","protected":false},"featured_media":10361,"comment_status":"open","ping_status":"closed","template":"","meta":{"_acf_changed":false,"om_disable_all_campaigns":false,"pagelayer_contact_templates":[],"_pagelayer_content":"","_monsterinsights_skip_tracking":false,"_monsterinsights_sitenote_active":false,"_monsterinsights_sitenote_note":"","_monsterinsights_sitenote_category":0},"product_brand":[236],"product_cat":[746],"product_tag":[261,472,653,655,687,444,741,511,466,684,467,691],"class_list":{"0":"post-10362","1":"product","2":"type-product","3":"status-publish","4":"has-post-thumbnail","6":"product_brand-iphone","7":"product_cat-celular-seminovo","8":"product_tag-apple","9":"product_tag-azul","10":"product_tag-bateria-85-100","11":"product_tag-branco","12":"product_tag-celular-usado","13":"product_tag-iphone-12","14":"product_tag-iphone-12-128gb","15":"product_tag-lilas","16":"product_tag-preto","17":"product_tag-semi-novo","18":"product_tag-verde","19":"product_tag-vermelho","21":"first","22":"instock","23":"sale","24":"taxable","25":"shipping-taxable","26":"purchasable","27":"product-type-variable"},"acf":{"sob_encomenda":false,"desconto_automatico":"50","desconto_ativo":false},"aioseo_notices":[],"_links":{"self":[{"href":"https:\/\/edcelulares.com.br\/pt\/wp-json\/wp\/v2\/product\/10362","targetHints":{"allow":["GET"]}}],"collection":[{"href":"https:\/\/edcelulares.com.br\/pt\/wp-json\/wp\/v2\/product"}],"about":[{"href":"https:\/\/edcelulares.com.br\/pt\/wp-json\/wp\/v2\/types\/product"}],"replies":[{"embeddable":true,"href":"https:\/\/edcelulares.com.br\/pt\/wp-json\/wp\/v2\/comments?post=10362"}],"wp:featuredmedia":[{"embeddable":true,"href":"https:\/\/edcelulares.com.br\/pt\/wp-json\/wp\/v2\/media\/10361"}],"wp:attachment":[{"href":"https:\/\/edcelulares.com.br\/pt\/wp-json\/wp\/v2\/media?parent=10362"}],"wp:term":[{"taxonomy":"product_brand","embeddable":true,"href":"https:\/\/edcelulares.com.br\/pt\/wp-json\/wp\/v2\/product_brand?post=10362"},{"taxonomy":"product_cat","embeddable":true,"href":"https:\/\/edcelulares.com.br\/pt\/wp-json\/wp\/v2\/product_cat?post=10362"},{"taxonomy":"product_tag","embeddable":true,"href":"https:\/\/edcelulares.com.br\/pt\/wp-json\/wp\/v2\/product_tag?post=10362"}],"curies":[{"name":"wp","href":"https:\/\/api.w.org\/{rel}","templated":true}]}}

iPhone 12 128 GB – Semi novo Vitrine (Saúde da bateria 85%-100%)

<p data-start="526" data-end="821">Este é um <strong data-start="536" data-end="566">iPhone 12 seminovo vitrine</strong>, original, testado e em perfeito funcionamento. Garantimos <strong data-start="626" data-end="649">90 dias de garantia</strong> contra defeito de fabricação. O fornecedor assegura uma saúde mínima de <strong data-start="722" data-end="729">85%</strong> na bateria; dependendo do lote, pode chegar a <strong data-start="776" data-end="784">100%</strong>, por isso informamos esse intervalo.</p>
<p data-start="823" data-end="917">Por se tratar de aparelho seminovo vitrine, <strong data-start="867" data-end="884">não acompanha</strong> cabo, caixa ou manual originais.</p>
<p data-start="919" data-end="1043">✔️ Produto original<br data-start="938" data-end="941" />✔️ Totalmente testado<br data-start="962" data-end="965" />✔️ Saúde da bateria garantida entre 85% e 100%<br data-start="1011" data-end="1014" />✔️ Pronto para uso imediato</p>
<p data-start="1045" data-end="1091"><strong data-start="1045" data-end="1089">Descrição oficial do fabricante (Apple):</strong></p>
<ul data-start="1092" data-end="1969">
<li data-start="1092" data-end="1177">
<p data-start="1094" data-end="1177">O iPhone 12 foi lançado pela Apple em 2020. <span class="" data-state="closed"><span class="ms-1 inline-flex max-w-full items-center relative top-[-0.094rem] animate-[show_150ms_ease-in]" data-testid="webpage-citation-pill"><a class="flex h-4.5 overflow-hidden rounded-xl px-2 text-[9px] font-medium transition-colors duration-150 ease-in-out text-token-text-secondary! bg-[#F4F4F4]! dark:bg-[#303030]!" href="https://support.apple.com/pt-br/111876?utm_source=chatgpt.com" target="_blank" rel="noopener"><span class="relative start-0 bottom-0 flex h-full w-full items-center"><span class="flex h-4 w-full items-center justify-between"><span class="max-w-[15ch] grow truncate overflow-hidden text-center">Suporte da Apple</span><span class="-me-1 flex h-full items-center rounded-full px-1 text-[#8F8F8F]">+1</span></span></span></a></span></span></p>
</li>
<li data-start="1178" data-end="1305">
<p data-start="1180" data-end="1305">A frente é em <strong data-start="1194" data-end="1212">Ceramic Shield</strong>, a parte de trás em vidro e a estrutura em alumínio. <span class="" data-state="closed"><span class="ms-1 inline-flex max-w-full items-center relative top-[-0.094rem] animate-[show_150ms_ease-in]" data-testid="webpage-citation-pill"><a class="flex h-4.5 overflow-hidden rounded-xl px-2 text-[9px] font-medium transition-colors duration-150 ease-in-out text-token-text-secondary! bg-[#F4F4F4]! dark:bg-[#303030]!" href="https://support.apple.com/en-by/111876?utm_source=chatgpt.com" target="_blank" rel="noopener"><span class="relative start-0 bottom-0 flex h-full w-full items-center"><span class="flex h-4 w-full items-center justify-between"><span class="max-w-[15ch] grow truncate overflow-hidden text-center">Suporte da Apple</span><span class="-me-1 flex h-full items-center rounded-full px-1 text-[#8F8F8F]">+2</span></span><span class="flex h-4 w-full items-center justify-between absolute"><span class="max-w-[15ch] grow truncate overflow-hidden text-center">Suporte da Apple</span><span class="-me-1 flex h-full items-center rounded-full px-1 text-[#8F8F8F]">+2</span></span></span></a></span></span></p>
</li>
<li data-start="1306" data-end="1385">
<p data-start="1308" data-end="1385">Vem com o processador <strong data-start="1330" data-end="1344">A14 Bionic</strong>. <span class="" data-state="closed"><span class="ms-1 inline-flex max-w-full items-center relative top-[-0.094rem] animate-[show_150ms_ease-in]" data-testid="webpage-citation-pill"><a class="flex h-4.5 overflow-hidden rounded-xl px-2 text-[9px] font-medium transition-colors duration-150 ease-in-out text-token-text-secondary! bg-[#F4F4F4]! dark:bg-[#303030]!" href="https://support.apple.com/en-by/111876?utm_source=chatgpt.com" target="_blank" rel="noopener"><span class="relative start-0 bottom-0 flex h-full w-full items-center"><span class="flex h-4 w-full items-center justify-between overflow-hidden"><span class="max-w-[15ch] grow truncate overflow-hidden text-center">Suporte da Apple</span></span></span></a></span></span></p>
</li>
<li data-start="1386" data-end="1520">
<p data-start="1388" data-end="1520">Possui sistema de <strong data-start="1406" data-end="1431">câmera dupla de 12 MP</strong>: grande-angular (ƒ/1.6) e ultra-angular (ƒ/2.4). <span class="" data-state="closed"><span class="ms-1 inline-flex max-w-full items-center relative top-[-0.094rem] animate-[show_150ms_ease-in]" data-testid="webpage-citation-pill"><a class="flex h-4.5 overflow-hidden rounded-xl px-2 text-[9px] font-medium transition-colors duration-150 ease-in-out text-token-text-secondary! bg-[#F4F4F4]! dark:bg-[#303030]!" href="https://support.apple.com/pt-br/111876?utm_source=chatgpt.com" target="_blank" rel="noopener"><span class="relative start-0 bottom-0 flex h-full w-full items-center"><span class="flex h-4 w-full items-center justify-between overflow-hidden"><span class="max-w-[15ch] grow truncate overflow-hidden text-center">Suporte da Apple</span></span></span></a></span></span></p>
</li>
<li data-start="1521" data-end="1650">
<p data-start="1523" data-end="1650">Suporta <strong data-start="1531" data-end="1547">modo Retrato</strong> com Profundidade, Modo Noite, Deep Fusion e HDR Inteligente 3. <span class="" data-state="closed"><span class="ms-1 inline-flex max-w-full items-center relative top-[-0.094rem] animate-[show_150ms_ease-in]" data-testid="webpage-citation-pill"><a class="flex h-4.5 overflow-hidden rounded-xl px-2 text-[9px] font-medium transition-colors duration-150 ease-in-out text-token-text-secondary! bg-[#F4F4F4]! dark:bg-[#303030]!" href="https://support.apple.com/pt-br/111876?utm_source=chatgpt.com" target="_blank" rel="noopener"><span class="relative start-0 bottom-0 flex h-full w-full items-center"><span class="flex h-4 w-full items-center justify-between overflow-hidden"><span class="max-w-[15ch] grow truncate overflow-hidden text-center">Suporte da Apple</span></span></span></a></span></span></p>
</li>
<li data-start="1651" data-end="1803">
<p data-start="1653" data-end="1803">A tela é <strong data-start="1662" data-end="1695">Super Retina XDR OLED de 6,1″</strong> (diagonal), com resolução de 2532 × 1170 px e densidade de 460 ppi. <span class="" data-state="closed"><span class="ms-1 inline-flex max-w-full items-center relative top-[-0.094rem] animate-[show_150ms_ease-in]" data-testid="webpage-citation-pill"><a class="flex h-4.5 overflow-hidden rounded-xl px-2 text-[9px] font-medium transition-colors duration-150 ease-in-out text-token-text-secondary! bg-[#F4F4F4]! dark:bg-[#303030]!" href="https://support.apple.com/pt-br/111876?utm_source=chatgpt.com" target="_blank" rel="noopener"><span class="relative start-0 bottom-0 flex h-full w-full items-center"><span class="flex h-4 w-full items-center justify-between overflow-hidden"><span class="max-w-[15ch] grow truncate overflow-hidden text-center">Suporte da Apple</span></span></span></a></span></span></p>
</li>
<li data-start="1804" data-end="1969">
<p data-start="1806" data-end="1969">Classificação de resistência: <strong data-start="1836" data-end="1844">IP68</strong>, suporta até 6 metros de profundidade por até 30 minutos, segundo a norma IEC 60529. <span class="" data-state="closed"><span class="ms-1 inline-flex max-w-full items-center relative top-[-0.094rem] animate-[show_150ms_ease-in]" data-testid="webpage-citation-pill"><a class="flex h-4.5 overflow-hidden rounded-xl px-2 text-[9px] font-medium transition-colors duration-150 ease-in-out text-token-text-secondary! bg-[#F4F4F4]! dark:bg-[#303030]!" href="https://support.apple.com/pt-br/111876?utm_source=chatgpt.com" target="_blank" rel="noopener"><span class="relative start-0 bottom-0 flex h-full w-full items-center"><span class="flex h-4 w-full items-center justify-between overflow-hidden"><span class="max-w-[15ch] grow truncate overflow-hidden text-center">Suporte da Apple</span></span></span></a></span></span></p>
</li>
</ul>

<p data-start="2031" data-end="2201">iPhone 12 128 GB seminovo vitrine — saúde da bateria de 85%-100%, nas cores <strong data-start="2107" data-end="2155">branco, lilás, azul, vermelho, preto e verde</strong>; original, testado e com 90 dias de garantia.</p>
