{"id":10319,"date":"2025-11-18T15:57:14","date_gmt":"2025-11-18T15:57:14","guid":{"rendered":"https:\/\/edcelulares.com.br\/?post_type=product&#038;p=10319"},"modified":"2025-11-18T22:34:23","modified_gmt":"2025-11-18T22:34:23","slug":"iphone-12-pro-max-256gb-semi-novo-vitrine","status":"publish","type":"product","link":"https:\/\/edcelulares.com.br\/pt\/produto\/iphone-12-pro-max-256gb-semi-novo-vitrine\/","title":{"rendered":"iPhone 12 Pro Max 256 GB &#8211; Semi novo Vitrine (Sa\u00fade da bateria 85%-100%)"},"content":{"rendered":"<p data-start=\"412\" data-end=\"763\">Este \u00e9 um <strong data-start=\"470\" data-end=\"508\">iPhone 12 Pro Max seminovo vitrine<\/strong>, original, testado e em perfeito funcionamento. Garantimos <strong data-start=\"568\" data-end=\"591\">90 dias de garantia<\/strong> contra defeito de fabrica\u00e7\u00e3o. O fornecedor assegura uma sa\u00fade m\u00ednima de <strong data-start=\"664\" data-end=\"671\">85%<\/strong> na bateria; dependendo do lote, pode chegar a <strong data-start=\"718\" data-end=\"726\">100%<\/strong>, por isso informamos esse intervalo.<\/p>\n<p data-start=\"765\" data-end=\"859\">Por se tratar de aparelho seminovo vitrine, <strong data-start=\"809\" data-end=\"826\">n\u00e3o acompanha<\/strong> cabo, caixa ou manual originais.<\/p>\n<p data-start=\"861\" data-end=\"985\">\u2714\ufe0f Produto original<br data-start=\"880\" data-end=\"883\" \/>\u2714\ufe0f Totalmente testado<br data-start=\"904\" data-end=\"907\" \/>\u2714\ufe0f Sa\u00fade da bateria garantida entre 85% e 100%<br data-start=\"953\" data-end=\"956\" \/>\u2714\ufe0f Pronto para uso imediato<\/p>\n<p data-start=\"987\" data-end=\"1033\"><strong data-start=\"987\" data-end=\"1031\">Descri\u00e7\u00e3o oficial do fabricante (Apple):<\/strong><\/p>\n<ul data-start=\"1034\" data-end=\"2000\">\n<li data-start=\"1034\" data-end=\"1129\">\n<p data-start=\"1036\" data-end=\"1129\">O iPhone 12 Pro Max foi anunciado pela Apple em 2020. <span class=\"\" data-state=\"closed\"><span class=\"ms-1 inline-flex max-w-full items-center relative top-[-0.094rem] animate-[show_150ms_ease-in]\" data-testid=\"webpage-citation-pill\"><a class=\"flex h-4.5 overflow-hidden rounded-xl px-2 text-[9px] font-medium transition-colors duration-150 ease-in-out text-token-text-secondary! bg-[#F4F4F4]! dark:bg-[#303030]!\" href=\"https:\/\/support.apple.com\/kb\/SP832?utm_source=chatgpt.com\" target=\"_blank\" rel=\"noopener\"><span class=\"relative start-0 bottom-0 flex h-full w-full items-center\"><span class=\"flex h-4 w-full items-center justify-between\"><span class=\"max-w-[15ch] grow truncate overflow-hidden text-center\">Suporte Apple<\/span><span class=\"-me-1 flex h-full items-center rounded-full px-1 text-[#8F8F8F]\">+1<\/span><\/span><\/span><\/a><\/span><\/span><\/p>\n<\/li>\n<li data-start=\"1130\" data-end=\"1278\">\n<p data-start=\"1132\" data-end=\"1278\">Possui frente em <strong data-start=\"1149\" data-end=\"1167\">Ceramic Shield<\/strong>, traseira em vidro mate texturizado e estrutura de <strong data-start=\"1219\" data-end=\"1237\">a\u00e7o inoxid\u00e1vel<\/strong>. <span class=\"\" data-state=\"closed\"><span class=\"ms-1 inline-flex max-w-full items-center relative top-[-0.094rem] animate-[show_150ms_ease-in]\" data-testid=\"webpage-citation-pill\"><a class=\"flex h-4.5 overflow-hidden rounded-xl px-2 text-[9px] font-medium transition-colors duration-150 ease-in-out text-token-text-secondary! bg-[#F4F4F4]! dark:bg-[#303030]!\" href=\"https:\/\/support.apple.com\/kb\/SP832?utm_source=chatgpt.com\" target=\"_blank\" rel=\"noopener\"><span class=\"relative start-0 bottom-0 flex h-full w-full items-center\"><span class=\"flex h-4 w-full items-center justify-between\"><span class=\"max-w-[15ch] grow truncate overflow-hidden text-center\">Suporte Apple<\/span><span class=\"-me-1 flex h-full items-center rounded-full px-1 text-[#8F8F8F]\">+1<\/span><\/span><\/span><\/a><\/span><\/span><\/p>\n<\/li>\n<li data-start=\"1279\" data-end=\"1379\">\n<p data-start=\"1281\" data-end=\"1379\">Tem chip <strong data-start=\"1290\" data-end=\"1304\">A14 Bionic<\/strong>, conforme especifica\u00e7\u00f5es da Apple. <span class=\"\" data-state=\"closed\"><span class=\"ms-1 inline-flex max-w-full items-center relative top-[-0.094rem] animate-[show_150ms_ease-in]\" data-testid=\"webpage-citation-pill\"><a class=\"flex h-4.5 overflow-hidden rounded-xl px-2 text-[9px] font-medium transition-colors duration-150 ease-in-out text-token-text-secondary! bg-[#F4F4F4]! dark:bg-[#303030]!\" href=\"https:\/\/support.apple.com\/pt-pt\/111874?utm_source=chatgpt.com\" target=\"_blank\" rel=\"noopener\"><span class=\"relative start-0 bottom-0 flex h-full w-full items-center\"><span class=\"flex h-4 w-full items-center justify-between overflow-hidden\"><span class=\"max-w-[15ch] grow truncate overflow-hidden text-center\">Suporte Apple<\/span><\/span><\/span><\/a><\/span><\/span><\/p>\n<\/li>\n<li data-start=\"1380\" data-end=\"1560\">\n<p data-start=\"1382\" data-end=\"1560\">Sistema de c\u00e2mera tripla de 12 MP (ultra-angular, grande-angular e telefoto), com LiDAR para profundidade e modo Noite em todas as lentes. <span class=\"\" data-state=\"closed\"><span class=\"ms-1 inline-flex max-w-full items-center relative top-[-0.094rem] animate-[show_150ms_ease-in]\" data-testid=\"webpage-citation-pill\"><a class=\"flex h-4.5 overflow-hidden rounded-xl px-2 text-[9px] font-medium transition-colors duration-150 ease-in-out text-token-text-secondary! bg-[#F4F4F4]! dark:bg-[#303030]!\" href=\"https:\/\/support.apple.com\/pt-pt\/111874?utm_source=chatgpt.com\" target=\"_blank\" rel=\"noopener\"><span class=\"relative start-0 bottom-0 flex h-full w-full items-center\"><span class=\"flex h-4 w-full items-center justify-between overflow-hidden\"><span class=\"max-w-[15ch] grow truncate overflow-hidden text-center\">Suporte Apple<\/span><\/span><\/span><\/a><\/span><\/span><\/p>\n<\/li>\n<li data-start=\"1561\" data-end=\"1651\">\n<p data-start=\"1563\" data-end=\"1651\">Grava\u00e7\u00e3o de v\u00eddeo em 4K Dolby Vision at\u00e9 60 fps. <span class=\"\" data-state=\"closed\"><span class=\"ms-1 inline-flex max-w-full items-center relative top-[-0.094rem] animate-[show_150ms_ease-in]\" data-testid=\"webpage-citation-pill\"><a class=\"flex h-4.5 overflow-hidden rounded-xl px-2 text-[9px] font-medium transition-colors duration-150 ease-in-out text-token-text-secondary! bg-[#F4F4F4]! dark:bg-[#303030]!\" href=\"https:\/\/support.apple.com\/pt-pt\/111874?utm_source=chatgpt.com\" target=\"_blank\" rel=\"noopener\"><span class=\"relative start-0 bottom-0 flex h-full w-full items-center\"><span class=\"flex h-4 w-full items-center justify-between overflow-hidden\"><span class=\"max-w-[15ch] grow truncate overflow-hidden text-center\">Suporte Apple<\/span><\/span><\/span><\/a><\/span><\/span><\/p>\n<\/li>\n<li data-start=\"1652\" data-end=\"1733\">\n<p data-start=\"1654\" data-end=\"1733\">Tela <strong data-start=\"1659\" data-end=\"1684\">Super Retina XDR OLED<\/strong> de 6,7\u2033. <span class=\"\" data-state=\"closed\"><span class=\"ms-1 inline-flex max-w-full items-center relative top-[-0.094rem] animate-[show_150ms_ease-in]\" data-testid=\"webpage-citation-pill\"><a class=\"flex h-4.5 overflow-hidden rounded-xl px-2 text-[9px] font-medium transition-colors duration-150 ease-in-out text-token-text-secondary! bg-[#F4F4F4]! dark:bg-[#303030]!\" href=\"https:\/\/support.apple.com\/kb\/SP832?utm_source=chatgpt.com\" target=\"_blank\" rel=\"noopener\"><span class=\"relative start-0 bottom-0 flex h-full w-full items-center\"><span class=\"flex h-4 w-full items-center justify-between overflow-hidden\"><span class=\"max-w-[15ch] grow truncate overflow-hidden text-center\">Suporte Apple<\/span><\/span><\/span><\/a><\/span><\/span><\/p>\n<\/li>\n<li data-start=\"1734\" data-end=\"1844\">\n<p data-start=\"1736\" data-end=\"1844\">Classifica\u00e7\u00e3o IP68 para \u00e1gua e poeira (at\u00e9 6 metros por 30 minutos). <span class=\"\" data-state=\"closed\"><span class=\"ms-1 inline-flex max-w-full items-center relative top-[-0.094rem] animate-[show_150ms_ease-in]\" data-testid=\"webpage-citation-pill\"><a class=\"flex h-4.5 overflow-hidden rounded-xl px-2 text-[9px] font-medium transition-colors duration-150 ease-in-out text-token-text-secondary! bg-[#F4F4F4]! dark:bg-[#303030]!\" href=\"https:\/\/support.apple.com\/pt-br\/111874?utm_source=chatgpt.com\" target=\"_blank\" rel=\"noopener\"><span class=\"relative start-0 bottom-0 flex h-full w-full items-center\"><span class=\"flex h-4 w-full items-center justify-between overflow-hidden\"><span class=\"max-w-[15ch] grow truncate overflow-hidden text-center\">Suporte Apple<\/span><\/span><\/span><\/a><\/span><\/span><\/p>\n<\/li>\n<li data-start=\"1845\" data-end=\"2000\">\n<p data-start=\"1847\" data-end=\"2000\">A Apple informa uma autonomia de: <strong data-start=\"1881\" data-end=\"1916\">at\u00e9 20 h de reprodu\u00e7\u00e3o de v\u00eddeo<\/strong>, <strong data-start=\"1918\" data-end=\"1939\">12 h de streaming<\/strong> e <strong data-start=\"1942\" data-end=\"1959\">80 h de \u00e1udio<\/strong>. <span class=\"\" data-state=\"closed\"><span class=\"ms-1 inline-flex max-w-full items-center relative top-[-0.094rem] animate-[show_150ms_ease-in]\" data-testid=\"webpage-citation-pill\"><a class=\"flex h-4.5 overflow-hidden rounded-xl px-2 text-[9px] font-medium transition-colors duration-150 ease-in-out text-token-text-secondary! bg-[#F4F4F4]! dark:bg-[#303030]!\" href=\"https:\/\/support.apple.com\/pt-br\/111874?utm_source=chatgpt.com\" target=\"_blank\" rel=\"noopener\"><span class=\"relative start-0 bottom-0 flex h-full w-full items-center\"><span class=\"flex h-4 w-full items-center justify-between overflow-hidden\"><span class=\"max-w-[15ch] grow truncate overflow-hidden text-center\">Suporte Apple<\/span><\/span><\/span><\/a><\/span><\/span><\/p>\n<\/li>\n<\/ul>\n","protected":false},"excerpt":{"rendered":"<p data-start=\"2586\" data-end=\"2765\">iPhone 12 Pro Max 256 GB seminovo vitrine \u2014 bateria entre 85%-100%, nas cores Grafite (preto) e Azul-Pac\u00edfico; original, testado, com 90 dias de garantia.<\/p>","protected":false},"featured_media":10327,"comment_status":"open","ping_status":"closed","template":"","meta":{"_acf_changed":false,"om_disable_all_campaigns":false,"pagelayer_contact_templates":[],"_pagelayer_content":"","_monsterinsights_skip_tracking":false,"_monsterinsights_sitenote_active":false,"_monsterinsights_sitenote_note":"","_monsterinsights_sitenote_category":0},"product_brand":[236],"product_cat":[746],"product_tag":[720,461,261,721,653,687,708,258,719,635,686],"class_list":{"0":"post-10319","1":"product","2":"type-product","3":"status-publish","4":"has-post-thumbnail","6":"product_brand-iphone","7":"product_cat-celular-seminovo","8":"product_tag-12-pro-max","9":"product_tag-256gb","10":"product_tag-apple","11":"product_tag-azul-pacifico","12":"product_tag-bateria-85-100","13":"product_tag-celular-usado","14":"product_tag-grafite","15":"product_tag-iphone","16":"product_tag-iphone-12-pro-max","17":"product_tag-seminovo","18":"product_tag-vitrine","20":"first","21":"instock","22":"sale","23":"taxable","24":"shipping-taxable","25":"purchasable","26":"product-type-variable"},"acf":{"sob_encomenda":false,"desconto_automatico":"50","desconto_ativo":false},"aioseo_notices":[],"_links":{"self":[{"href":"https:\/\/edcelulares.com.br\/pt\/wp-json\/wp\/v2\/product\/10319","targetHints":{"allow":["GET"]}}],"collection":[{"href":"https:\/\/edcelulares.com.br\/pt\/wp-json\/wp\/v2\/product"}],"about":[{"href":"https:\/\/edcelulares.com.br\/pt\/wp-json\/wp\/v2\/types\/product"}],"replies":[{"embeddable":true,"href":"https:\/\/edcelulares.com.br\/pt\/wp-json\/wp\/v2\/comments?post=10319"}],"wp:featuredmedia":[{"embeddable":true,"href":"https:\/\/edcelulares.com.br\/pt\/wp-json\/wp\/v2\/media\/10327"}],"wp:attachment":[{"href":"https:\/\/edcelulares.com.br\/pt\/wp-json\/wp\/v2\/media?parent=10319"}],"wp:term":[{"taxonomy":"product_brand","embeddable":true,"href":"https:\/\/edcelulares.com.br\/pt\/wp-json\/wp\/v2\/product_brand?post=10319"},{"taxonomy":"product_cat","embeddable":true,"href":"https:\/\/edcelulares.com.br\/pt\/wp-json\/wp\/v2\/product_cat?post=10319"},{"taxonomy":"product_tag","embeddable":true,"href":"https:\/\/edcelulares.com.br\/pt\/wp-json\/wp\/v2\/product_tag?post=10319"}],"curies":[{"name":"wp","href":"https:\/\/api.w.org\/{rel}","templated":true}]}}

iPhone 12 Pro Max 256 GB &#8211; Semi novo Vitrine (Saúde da bateria 85%-100%)

<p data-start="412" data-end="763">Este é um <strong data-start="470" data-end="508">iPhone 12 Pro Max seminovo vitrine</strong>, original, testado e em perfeito funcionamento. Garantimos <strong data-start="568" data-end="591">90 dias de garantia</strong> contra defeito de fabricação. O fornecedor assegura uma saúde mínima de <strong data-start="664" data-end="671">85%</strong> na bateria; dependendo do lote, pode chegar a <strong data-start="718" data-end="726">100%</strong>, por isso informamos esse intervalo.</p>
<p data-start="765" data-end="859">Por se tratar de aparelho seminovo vitrine, <strong data-start="809" data-end="826">não acompanha</strong> cabo, caixa ou manual originais.</p>
<p data-start="861" data-end="985">✔️ Produto original<br data-start="880" data-end="883" />✔️ Totalmente testado<br data-start="904" data-end="907" />✔️ Saúde da bateria garantida entre 85% e 100%<br data-start="953" data-end="956" />✔️ Pronto para uso imediato</p>
<p data-start="987" data-end="1033"><strong data-start="987" data-end="1031">Descrição oficial do fabricante (Apple):</strong></p>
<ul data-start="1034" data-end="2000">
<li data-start="1034" data-end="1129">
<p data-start="1036" data-end="1129">O iPhone 12 Pro Max foi anunciado pela Apple em 2020. <span class="" data-state="closed"><span class="ms-1 inline-flex max-w-full items-center relative top-[-0.094rem] animate-[show_150ms_ease-in]" data-testid="webpage-citation-pill"><a class="flex h-4.5 overflow-hidden rounded-xl px-2 text-[9px] font-medium transition-colors duration-150 ease-in-out text-token-text-secondary! bg-[#F4F4F4]! dark:bg-[#303030]!" href="https://support.apple.com/kb/SP832?utm_source=chatgpt.com" target="_blank" rel="noopener"><span class="relative start-0 bottom-0 flex h-full w-full items-center"><span class="flex h-4 w-full items-center justify-between"><span class="max-w-[15ch] grow truncate overflow-hidden text-center">Suporte Apple</span><span class="-me-1 flex h-full items-center rounded-full px-1 text-[#8F8F8F]">+1</span></span></span></a></span></span></p>
</li>
<li data-start="1130" data-end="1278">
<p data-start="1132" data-end="1278">Possui frente em <strong data-start="1149" data-end="1167">Ceramic Shield</strong>, traseira em vidro mate texturizado e estrutura de <strong data-start="1219" data-end="1237">aço inoxidável</strong>. <span class="" data-state="closed"><span class="ms-1 inline-flex max-w-full items-center relative top-[-0.094rem] animate-[show_150ms_ease-in]" data-testid="webpage-citation-pill"><a class="flex h-4.5 overflow-hidden rounded-xl px-2 text-[9px] font-medium transition-colors duration-150 ease-in-out text-token-text-secondary! bg-[#F4F4F4]! dark:bg-[#303030]!" href="https://support.apple.com/kb/SP832?utm_source=chatgpt.com" target="_blank" rel="noopener"><span class="relative start-0 bottom-0 flex h-full w-full items-center"><span class="flex h-4 w-full items-center justify-between"><span class="max-w-[15ch] grow truncate overflow-hidden text-center">Suporte Apple</span><span class="-me-1 flex h-full items-center rounded-full px-1 text-[#8F8F8F]">+1</span></span></span></a></span></span></p>
</li>
<li data-start="1279" data-end="1379">
<p data-start="1281" data-end="1379">Tem chip <strong data-start="1290" data-end="1304">A14 Bionic</strong>, conforme especificações da Apple. <span class="" data-state="closed"><span class="ms-1 inline-flex max-w-full items-center relative top-[-0.094rem] animate-[show_150ms_ease-in]" data-testid="webpage-citation-pill"><a class="flex h-4.5 overflow-hidden rounded-xl px-2 text-[9px] font-medium transition-colors duration-150 ease-in-out text-token-text-secondary! bg-[#F4F4F4]! dark:bg-[#303030]!" href="https://support.apple.com/pt-pt/111874?utm_source=chatgpt.com" target="_blank" rel="noopener"><span class="relative start-0 bottom-0 flex h-full w-full items-center"><span class="flex h-4 w-full items-center justify-between overflow-hidden"><span class="max-w-[15ch] grow truncate overflow-hidden text-center">Suporte Apple</span></span></span></a></span></span></p>
</li>
<li data-start="1380" data-end="1560">
<p data-start="1382" data-end="1560">Sistema de câmera tripla de 12 MP (ultra-angular, grande-angular e telefoto), com LiDAR para profundidade e modo Noite em todas as lentes. <span class="" data-state="closed"><span class="ms-1 inline-flex max-w-full items-center relative top-[-0.094rem] animate-[show_150ms_ease-in]" data-testid="webpage-citation-pill"><a class="flex h-4.5 overflow-hidden rounded-xl px-2 text-[9px] font-medium transition-colors duration-150 ease-in-out text-token-text-secondary! bg-[#F4F4F4]! dark:bg-[#303030]!" href="https://support.apple.com/pt-pt/111874?utm_source=chatgpt.com" target="_blank" rel="noopener"><span class="relative start-0 bottom-0 flex h-full w-full items-center"><span class="flex h-4 w-full items-center justify-between overflow-hidden"><span class="max-w-[15ch] grow truncate overflow-hidden text-center">Suporte Apple</span></span></span></a></span></span></p>
</li>
<li data-start="1561" data-end="1651">
<p data-start="1563" data-end="1651">Gravação de vídeo em 4K Dolby Vision até 60 fps. <span class="" data-state="closed"><span class="ms-1 inline-flex max-w-full items-center relative top-[-0.094rem] animate-[show_150ms_ease-in]" data-testid="webpage-citation-pill"><a class="flex h-4.5 overflow-hidden rounded-xl px-2 text-[9px] font-medium transition-colors duration-150 ease-in-out text-token-text-secondary! bg-[#F4F4F4]! dark:bg-[#303030]!" href="https://support.apple.com/pt-pt/111874?utm_source=chatgpt.com" target="_blank" rel="noopener"><span class="relative start-0 bottom-0 flex h-full w-full items-center"><span class="flex h-4 w-full items-center justify-between overflow-hidden"><span class="max-w-[15ch] grow truncate overflow-hidden text-center">Suporte Apple</span></span></span></a></span></span></p>
</li>
<li data-start="1652" data-end="1733">
<p data-start="1654" data-end="1733">Tela <strong data-start="1659" data-end="1684">Super Retina XDR OLED</strong> de 6,7″. <span class="" data-state="closed"><span class="ms-1 inline-flex max-w-full items-center relative top-[-0.094rem] animate-[show_150ms_ease-in]" data-testid="webpage-citation-pill"><a class="flex h-4.5 overflow-hidden rounded-xl px-2 text-[9px] font-medium transition-colors duration-150 ease-in-out text-token-text-secondary! bg-[#F4F4F4]! dark:bg-[#303030]!" href="https://support.apple.com/kb/SP832?utm_source=chatgpt.com" target="_blank" rel="noopener"><span class="relative start-0 bottom-0 flex h-full w-full items-center"><span class="flex h-4 w-full items-center justify-between overflow-hidden"><span class="max-w-[15ch] grow truncate overflow-hidden text-center">Suporte Apple</span></span></span></a></span></span></p>
</li>
<li data-start="1734" data-end="1844">
<p data-start="1736" data-end="1844">Classificação IP68 para água e poeira (até 6 metros por 30 minutos). <span class="" data-state="closed"><span class="ms-1 inline-flex max-w-full items-center relative top-[-0.094rem] animate-[show_150ms_ease-in]" data-testid="webpage-citation-pill"><a class="flex h-4.5 overflow-hidden rounded-xl px-2 text-[9px] font-medium transition-colors duration-150 ease-in-out text-token-text-secondary! bg-[#F4F4F4]! dark:bg-[#303030]!" href="https://support.apple.com/pt-br/111874?utm_source=chatgpt.com" target="_blank" rel="noopener"><span class="relative start-0 bottom-0 flex h-full w-full items-center"><span class="flex h-4 w-full items-center justify-between overflow-hidden"><span class="max-w-[15ch] grow truncate overflow-hidden text-center">Suporte Apple</span></span></span></a></span></span></p>
</li>
<li data-start="1845" data-end="2000">
<p data-start="1847" data-end="2000">A Apple informa uma autonomia de: <strong data-start="1881" data-end="1916">até 20 h de reprodução de vídeo</strong>, <strong data-start="1918" data-end="1939">12 h de streaming</strong> e <strong data-start="1942" data-end="1959">80 h de áudio</strong>. <span class="" data-state="closed"><span class="ms-1 inline-flex max-w-full items-center relative top-[-0.094rem] animate-[show_150ms_ease-in]" data-testid="webpage-citation-pill"><a class="flex h-4.5 overflow-hidden rounded-xl px-2 text-[9px] font-medium transition-colors duration-150 ease-in-out text-token-text-secondary! bg-[#F4F4F4]! dark:bg-[#303030]!" href="https://support.apple.com/pt-br/111874?utm_source=chatgpt.com" target="_blank" rel="noopener"><span class="relative start-0 bottom-0 flex h-full w-full items-center"><span class="flex h-4 w-full items-center justify-between overflow-hidden"><span class="max-w-[15ch] grow truncate overflow-hidden text-center">Suporte Apple</span></span></span></a></span></span></p>
</li>
</ul>

<p data-start="2586" data-end="2765">iPhone 12 Pro Max 256 GB seminovo vitrine — bateria entre 85%-100%, nas cores Grafite (preto) e Azul-Pacífico; original, testado, com 90 dias de garantia.</p>
