{"id":10292,"date":"2025-11-17T13:58:13","date_gmt":"2025-11-17T13:58:13","guid":{"rendered":"https:\/\/edcelulares.com.br\/?post_type=product&#038;p=10292"},"modified":"2025-11-18T22:34:56","modified_gmt":"2025-11-18T22:34:56","slug":"iphone-13-256gb-semi-novo-vitrine","status":"publish","type":"product","link":"https:\/\/edcelulares.com.br\/pt\/produto\/iphone-13-256gb-semi-novo-vitrine\/","title":{"rendered":"iPhone 13 256 GB &#8211; Semi novo Vitrine (Sa\u00fade da bateria 85%-100%)"},"content":{"rendered":"<p data-start=\"411\" data-end=\"796\">Este \u00e9 um <strong data-start=\"469\" data-end=\"499\">iPhone 13 seminovo vitrine<\/strong>, original e testado, em perfeito funcionamento. Oferecemos <strong data-start=\"559\" data-end=\"582\">90 dias de garantia<\/strong> contra defeito de fabrica\u00e7\u00e3o. O fornecedor garante <strong data-start=\"634\" data-end=\"651\">m\u00ednimo de 85%<\/strong> de sa\u00fade da bateria; dependendo do lote, a sa\u00fade pode chegar a <strong data-start=\"715\" data-end=\"723\">100%<\/strong> \u2014 por isso informamos o intervalo <strong data-start=\"758\" data-end=\"769\">85-100%<\/strong>, conforme o lote recebido.<\/p>\n<p data-start=\"798\" data-end=\"892\">Por se tratar de aparelho seminovo vitrine, <strong data-start=\"842\" data-end=\"891\">n\u00e3o acompanha cabo, caixa ou manual originais<\/strong>.<\/p>\n<p data-start=\"894\" data-end=\"1018\">\u2714\ufe0f Produto original<br data-start=\"913\" data-end=\"916\" \/>\u2714\ufe0f Totalmente testado<br data-start=\"937\" data-end=\"940\" \/>\u2714\ufe0f Sa\u00fade da bateria garantida entre 85% e 100%<br data-start=\"986\" data-end=\"989\" \/>\u2714\ufe0f Pronto para uso imediato<\/p>\n<h2 data-start=\"1020\" data-end=\"1839\"><strong data-start=\"1020\" data-end=\"1064\">Descri\u00e7\u00e3o oficial do fabricante (Apple):<\/strong><br data-start=\"1064\" data-end=\"1067\" \/>O iPhone 13 foi lan\u00e7ado em 2021 e vem com frente em <strong data-start=\"1119\" data-end=\"1137\">Ceramic Shield<\/strong>, traseira de vidro e estrutura de alum\u00ednio. <span class=\"\" data-state=\"closed\"><span class=\"ms-1 inline-flex max-w-full items-center relative top-[-0.094rem] animate-[show_150ms_ease-in]\" data-testid=\"webpage-citation-pill\"><a class=\"flex h-4.5 overflow-hidden rounded-xl px-2 text-[9px] font-medium transition-colors duration-150 ease-in-out text-token-text-secondary! bg-[#F4F4F4]! dark:bg-[#303030]!\" href=\"https:\/\/support.apple.com\/pt-br\/111872?utm_source=chatgpt.com\" target=\"_blank\" rel=\"noopener\"><span class=\"relative start-0 bottom-0 flex h-full w-full items-center\"><span class=\"flex h-4 w-full items-center justify-between\"><span class=\"max-w-[15ch] grow truncate overflow-hidden text-center\">Suporte Apple<\/span><span class=\"-me-1 flex h-full items-center rounded-full px-1 text-[#8F8F8F]\">+2<\/span><\/span><span class=\"flex h-4 w-full items-center justify-between absolute\"><span class=\"max-w-[15ch] grow truncate overflow-hidden text-center\">Suporte Apple<\/span><span class=\"-me-1 flex h-full items-center rounded-full px-1 text-[#8F8F8F]\">+2<\/span><\/span><\/span><\/a><\/span><\/span><br data-start=\"1219\" data-end=\"1222\" \/>Equipado com o chip <strong data-start=\"1242\" data-end=\"1256\">A15 Bionic<\/strong>, oferecendo alto desempenho e efici\u00eancia energ\u00e9tica. <span class=\"\" data-state=\"closed\"><span class=\"ms-1 inline-flex max-w-full items-center relative top-[-0.094rem] animate-[show_150ms_ease-in]\" data-testid=\"webpage-citation-pill\"><a class=\"flex h-4.5 overflow-hidden rounded-xl px-2 text-[9px] font-medium transition-colors duration-150 ease-in-out text-token-text-secondary! bg-[#F4F4F4]! dark:bg-[#303030]!\" href=\"https:\/\/support.apple.com\/en-gw\/111872?utm_source=chatgpt.com\" target=\"_blank\" rel=\"noopener\"><span class=\"relative start-0 bottom-0 flex h-full w-full items-center\"><span class=\"flex h-4 w-full items-center justify-between overflow-hidden\"><span class=\"max-w-[15ch] grow truncate overflow-hidden text-center\">Suporte Apple<\/span><\/span><\/span><\/a><\/span><\/span><br data-start=\"1347\" data-end=\"1350\" \/>Tem sistema de c\u00e2mera dupla de 12 MP (grande-angular com abertura \u0192\/1.6 e ultra-angular com \u0192\/2.4, vis\u00e3o de 120\u00b0), com estabiliza\u00e7\u00e3o \u00f3ptica por deslocamento de sensor. <span class=\"\" data-state=\"closed\"><span class=\"ms-1 inline-flex max-w-full items-center relative top-[-0.094rem] animate-[show_150ms_ease-in]\" data-testid=\"webpage-citation-pill\"><a class=\"flex h-4.5 overflow-hidden rounded-xl px-2 text-[9px] font-medium transition-colors duration-150 ease-in-out text-token-text-secondary! bg-[#F4F4F4]! dark:bg-[#303030]!\" href=\"https:\/\/support.apple.com\/pt-br\/111872?utm_source=chatgpt.com\" target=\"_blank\" rel=\"noopener\"><span class=\"relative start-0 bottom-0 flex h-full w-full items-center\"><span class=\"flex h-4 w-full items-center justify-between overflow-hidden\"><span class=\"max-w-[15ch] grow truncate overflow-hidden text-center\">Suporte Apple<\/span><\/span><\/span><\/a><\/span><\/span><br data-start=\"1555\" data-end=\"1558\" \/>A tela \u00e9 <strong data-start=\"1567\" data-end=\"1592\">Super Retina XDR OLED<\/strong> de 6,1\u2033, com HDR, True Tone e contraste de 2.000.000:1. <span class=\"\" data-state=\"closed\"><span class=\"ms-1 inline-flex max-w-full items-center relative top-[-0.094rem] animate-[show_150ms_ease-in]\" data-testid=\"webpage-citation-pill\"><a class=\"flex h-4.5 overflow-hidden rounded-xl px-2 text-[9px] font-medium transition-colors duration-150 ease-in-out text-token-text-secondary! bg-[#F4F4F4]! dark:bg-[#303030]!\" href=\"https:\/\/support.apple.com\/en-gw\/111872?utm_source=chatgpt.com\" target=\"_blank\" rel=\"noopener\"><span class=\"relative start-0 bottom-0 flex h-full w-full items-center\"><span class=\"flex h-4 w-full items-center justify-between\"><span class=\"max-w-[15ch] grow truncate overflow-hidden text-center\">Suporte Apple<\/span><span class=\"-me-1 flex h-full items-center rounded-full px-1 text-[#8F8F8F]\">+1<\/span><\/span><\/span><\/a><\/span><\/span><br data-start=\"1686\" data-end=\"1689\" \/>Quanto \u00e0 resist\u00eancia, ele tem classifica\u00e7\u00e3o <strong data-start=\"1733\" data-end=\"1741\">IP68<\/strong> para \u00e1gua e poeira (at\u00e9 6 metros por at\u00e9 30 minutos). <span class=\"\" data-state=\"closed\"><span class=\"ms-1 inline-flex max-w-full items-center relative top-[-0.094rem] animate-[show_150ms_ease-in]\" data-testid=\"webpage-citation-pill\"><a class=\"flex h-4.5 overflow-hidden rounded-xl px-2 text-[9px] font-medium transition-colors duration-150 ease-in-out text-token-text-secondary! bg-[#F4F4F4]! dark:bg-[#303030]!\" href=\"https:\/\/support.apple.com\/pt-pt\/111872?utm_source=chatgpt.com\" target=\"_blank\" rel=\"noopener\"><span class=\"relative start-0 bottom-0 flex h-full w-full items-center\"><span class=\"flex h-4 w-full items-center justify-between overflow-hidden\"><span class=\"max-w-[15ch] grow truncate overflow-hidden text-center\">Suporte Apple<\/span><\/span><\/span><\/a><\/span><\/span><\/h2>\n","protected":false},"excerpt":{"rendered":"<p data-start=\"2586\" data-end=\"2765\">iPhone 13 256 GB seminovo vitrine \u2014 bateria garantida 85%-100%, original, testado e com 90 dias de garantia.<\/p>","protected":false},"featured_media":10283,"comment_status":"open","ping_status":"closed","template":"","meta":{"_acf_changed":false,"om_disable_all_campaigns":false,"pagelayer_contact_templates":[],"_pagelayer_content":"","_monsterinsights_skip_tracking":false,"_monsterinsights_sitenote_active":false,"_monsterinsights_sitenote_note":"","_monsterinsights_sitenote_category":0},"product_brand":[236],"product_cat":[746],"product_tag":[461,261,472,653,655,258,715,688,684,467,691,686],"class_list":{"0":"post-10292","1":"product","2":"type-product","3":"status-publish","4":"has-post-thumbnail","6":"product_brand-iphone","7":"product_cat-celular-seminovo","8":"product_tag-256gb","9":"product_tag-apple","10":"product_tag-azul","11":"product_tag-bateria-85-100","12":"product_tag-branco","13":"product_tag-iphone","14":"product_tag-iphone-13","15":"product_tag-meia-noite","16":"product_tag-semi-novo","17":"product_tag-verde","18":"product_tag-vermelho","19":"product_tag-vitrine","21":"first","22":"instock","23":"sale","24":"taxable","25":"shipping-taxable","26":"purchasable","27":"product-type-variable"},"acf":{"sob_encomenda":false,"desconto_automatico":"50","desconto_ativo":false},"aioseo_notices":[],"_links":{"self":[{"href":"https:\/\/edcelulares.com.br\/pt\/wp-json\/wp\/v2\/product\/10292","targetHints":{"allow":["GET"]}}],"collection":[{"href":"https:\/\/edcelulares.com.br\/pt\/wp-json\/wp\/v2\/product"}],"about":[{"href":"https:\/\/edcelulares.com.br\/pt\/wp-json\/wp\/v2\/types\/product"}],"replies":[{"embeddable":true,"href":"https:\/\/edcelulares.com.br\/pt\/wp-json\/wp\/v2\/comments?post=10292"}],"wp:featuredmedia":[{"embeddable":true,"href":"https:\/\/edcelulares.com.br\/pt\/wp-json\/wp\/v2\/media\/10283"}],"wp:attachment":[{"href":"https:\/\/edcelulares.com.br\/pt\/wp-json\/wp\/v2\/media?parent=10292"}],"wp:term":[{"taxonomy":"product_brand","embeddable":true,"href":"https:\/\/edcelulares.com.br\/pt\/wp-json\/wp\/v2\/product_brand?post=10292"},{"taxonomy":"product_cat","embeddable":true,"href":"https:\/\/edcelulares.com.br\/pt\/wp-json\/wp\/v2\/product_cat?post=10292"},{"taxonomy":"product_tag","embeddable":true,"href":"https:\/\/edcelulares.com.br\/pt\/wp-json\/wp\/v2\/product_tag?post=10292"}],"curies":[{"name":"wp","href":"https:\/\/api.w.org\/{rel}","templated":true}]}}

iPhone 13 256 GB &#8211; Semi novo Vitrine (Saúde da bateria 85%-100%)

<p data-start="411" data-end="796">Este é um <strong data-start="469" data-end="499">iPhone 13 seminovo vitrine</strong>, original e testado, em perfeito funcionamento. Oferecemos <strong data-start="559" data-end="582">90 dias de garantia</strong> contra defeito de fabricação. O fornecedor garante <strong data-start="634" data-end="651">mínimo de 85%</strong> de saúde da bateria; dependendo do lote, a saúde pode chegar a <strong data-start="715" data-end="723">100%</strong> — por isso informamos o intervalo <strong data-start="758" data-end="769">85-100%</strong>, conforme o lote recebido.</p>
<p data-start="798" data-end="892">Por se tratar de aparelho seminovo vitrine, <strong data-start="842" data-end="891">não acompanha cabo, caixa ou manual originais</strong>.</p>
<p data-start="894" data-end="1018">✔️ Produto original<br data-start="913" data-end="916" />✔️ Totalmente testado<br data-start="937" data-end="940" />✔️ Saúde da bateria garantida entre 85% e 100%<br data-start="986" data-end="989" />✔️ Pronto para uso imediato</p>
<h2 data-start="1020" data-end="1839"><strong data-start="1020" data-end="1064">Descrição oficial do fabricante (Apple):</strong><br data-start="1064" data-end="1067" />O iPhone 13 foi lançado em 2021 e vem com frente em <strong data-start="1119" data-end="1137">Ceramic Shield</strong>, traseira de vidro e estrutura de alumínio. <span class="" data-state="closed"><span class="ms-1 inline-flex max-w-full items-center relative top-[-0.094rem] animate-[show_150ms_ease-in]" data-testid="webpage-citation-pill"><a class="flex h-4.5 overflow-hidden rounded-xl px-2 text-[9px] font-medium transition-colors duration-150 ease-in-out text-token-text-secondary! bg-[#F4F4F4]! dark:bg-[#303030]!" href="https://support.apple.com/pt-br/111872?utm_source=chatgpt.com" target="_blank" rel="noopener"><span class="relative start-0 bottom-0 flex h-full w-full items-center"><span class="flex h-4 w-full items-center justify-between"><span class="max-w-[15ch] grow truncate overflow-hidden text-center">Suporte Apple</span><span class="-me-1 flex h-full items-center rounded-full px-1 text-[#8F8F8F]">+2</span></span><span class="flex h-4 w-full items-center justify-between absolute"><span class="max-w-[15ch] grow truncate overflow-hidden text-center">Suporte Apple</span><span class="-me-1 flex h-full items-center rounded-full px-1 text-[#8F8F8F]">+2</span></span></span></a></span></span><br data-start="1219" data-end="1222" />Equipado com o chip <strong data-start="1242" data-end="1256">A15 Bionic</strong>, oferecendo alto desempenho e eficiência energética. <span class="" data-state="closed"><span class="ms-1 inline-flex max-w-full items-center relative top-[-0.094rem] animate-[show_150ms_ease-in]" data-testid="webpage-citation-pill"><a class="flex h-4.5 overflow-hidden rounded-xl px-2 text-[9px] font-medium transition-colors duration-150 ease-in-out text-token-text-secondary! bg-[#F4F4F4]! dark:bg-[#303030]!" href="https://support.apple.com/en-gw/111872?utm_source=chatgpt.com" target="_blank" rel="noopener"><span class="relative start-0 bottom-0 flex h-full w-full items-center"><span class="flex h-4 w-full items-center justify-between overflow-hidden"><span class="max-w-[15ch] grow truncate overflow-hidden text-center">Suporte Apple</span></span></span></a></span></span><br data-start="1347" data-end="1350" />Tem sistema de câmera dupla de 12 MP (grande-angular com abertura ƒ/1.6 e ultra-angular com ƒ/2.4, visão de 120°), com estabilização óptica por deslocamento de sensor. <span class="" data-state="closed"><span class="ms-1 inline-flex max-w-full items-center relative top-[-0.094rem] animate-[show_150ms_ease-in]" data-testid="webpage-citation-pill"><a class="flex h-4.5 overflow-hidden rounded-xl px-2 text-[9px] font-medium transition-colors duration-150 ease-in-out text-token-text-secondary! bg-[#F4F4F4]! dark:bg-[#303030]!" href="https://support.apple.com/pt-br/111872?utm_source=chatgpt.com" target="_blank" rel="noopener"><span class="relative start-0 bottom-0 flex h-full w-full items-center"><span class="flex h-4 w-full items-center justify-between overflow-hidden"><span class="max-w-[15ch] grow truncate overflow-hidden text-center">Suporte Apple</span></span></span></a></span></span><br data-start="1555" data-end="1558" />A tela é <strong data-start="1567" data-end="1592">Super Retina XDR OLED</strong> de 6,1″, com HDR, True Tone e contraste de 2.000.000:1. <span class="" data-state="closed"><span class="ms-1 inline-flex max-w-full items-center relative top-[-0.094rem] animate-[show_150ms_ease-in]" data-testid="webpage-citation-pill"><a class="flex h-4.5 overflow-hidden rounded-xl px-2 text-[9px] font-medium transition-colors duration-150 ease-in-out text-token-text-secondary! bg-[#F4F4F4]! dark:bg-[#303030]!" href="https://support.apple.com/en-gw/111872?utm_source=chatgpt.com" target="_blank" rel="noopener"><span class="relative start-0 bottom-0 flex h-full w-full items-center"><span class="flex h-4 w-full items-center justify-between"><span class="max-w-[15ch] grow truncate overflow-hidden text-center">Suporte Apple</span><span class="-me-1 flex h-full items-center rounded-full px-1 text-[#8F8F8F]">+1</span></span></span></a></span></span><br data-start="1686" data-end="1689" />Quanto à resistência, ele tem classificação <strong data-start="1733" data-end="1741">IP68</strong> para água e poeira (até 6 metros por até 30 minutos). <span class="" data-state="closed"><span class="ms-1 inline-flex max-w-full items-center relative top-[-0.094rem] animate-[show_150ms_ease-in]" data-testid="webpage-citation-pill"><a class="flex h-4.5 overflow-hidden rounded-xl px-2 text-[9px] font-medium transition-colors duration-150 ease-in-out text-token-text-secondary! bg-[#F4F4F4]! dark:bg-[#303030]!" href="https://support.apple.com/pt-pt/111872?utm_source=chatgpt.com" target="_blank" rel="noopener"><span class="relative start-0 bottom-0 flex h-full w-full items-center"><span class="flex h-4 w-full items-center justify-between overflow-hidden"><span class="max-w-[15ch] grow truncate overflow-hidden text-center">Suporte Apple</span></span></span></a></span></span></h2>
