{"id":10271,"date":"2025-11-17T01:54:32","date_gmt":"2025-11-17T01:54:32","guid":{"rendered":"https:\/\/edcelulares.com.br\/?post_type=product&#038;p=10271"},"modified":"2025-11-18T22:35:18","modified_gmt":"2025-11-18T22:35:18","slug":"iphone-13-pro-128gb-semi-novo-vitrine","status":"publish","type":"product","link":"https:\/\/edcelulares.com.br\/pt\/produto\/iphone-13-pro-128gb-semi-novo-vitrine\/","title":{"rendered":"iPhone 13 Pro 128 GB &#8211; Semi novo Vitrine (Sa\u00fade da bateria 85-100%)"},"content":{"rendered":"<p data-start=\"389\" data-end=\"776\">Esse \u00e9 um <strong data-start=\"447\" data-end=\"481\">iPhone 13 Pro seminovo vitrine<\/strong>, original e testado, em perfeito funcionamento. Oferecemos <strong data-start=\"541\" data-end=\"564\">90 dias de garantia<\/strong> para defeitos de fabrica\u00e7\u00e3o. O fornecedor garante sa\u00fade m\u00ednima de <strong data-start=\"631\" data-end=\"649\">85% na bateria<\/strong>, e dependendo do lote, a sa\u00fade pode chegar a <strong data-start=\"695\" data-end=\"703\">100%<\/strong> \u2014 por isso informamos o intervalo <strong data-start=\"738\" data-end=\"749\">85-100%<\/strong>, conforme o lote recebido.<\/p>\n<p data-start=\"778\" data-end=\"872\">Por se tratar de aparelho seminovo vitrine, <strong data-start=\"822\" data-end=\"839\">n\u00e3o acompanha<\/strong> cabo, caixa ou manual originais.<\/p>\n<p data-start=\"874\" data-end=\"998\">\u2714\ufe0f Produto original<br data-start=\"893\" data-end=\"896\" \/>\u2714\ufe0f Totalmente testado<br data-start=\"917\" data-end=\"920\" \/>\u2714\ufe0f Sa\u00fade da bateria garantida entre 85% e 100%<br data-start=\"966\" data-end=\"969\" \/>\u2714\ufe0f Pronto para uso imediato<\/p>\n<p data-start=\"1000\" data-end=\"1830\"><strong data-start=\"1000\" data-end=\"1044\">Descri\u00e7\u00e3o oficial do fabricante (Apple):<\/strong><br data-start=\"1044\" data-end=\"1047\" \/>O iPhone 13 Pro foi lan\u00e7ado em 2021. <span class=\"\" data-state=\"closed\"><span class=\"ms-1 inline-flex max-w-full items-center relative top-[-0.094rem] animate-[show_150ms_ease-in]\" data-testid=\"webpage-citation-pill\"><a class=\"flex h-4.5 overflow-hidden rounded-xl px-2 text-[9px] font-medium transition-colors duration-150 ease-in-out text-token-text-secondary! bg-[#F4F4F4]! dark:bg-[#303030]!\" href=\"https:\/\/support.apple.com\/pt-br\/111871?utm_source=chatgpt.com\" target=\"_blank\" rel=\"noopener\"><span class=\"relative start-0 bottom-0 flex h-full w-full items-center\"><span class=\"flex h-4 w-full items-center justify-between overflow-hidden\"><span class=\"max-w-[15ch] grow truncate overflow-hidden text-center\">Suporte Apple<\/span><\/span><\/span><\/a><\/span><\/span><br data-start=\"1121\" data-end=\"1124\" \/>Ele tem frente em <strong data-start=\"1142\" data-end=\"1160\">Ceramic Shield<\/strong>, parte de tr\u00e1s em vidro mate texturizado e arma\u00e7\u00e3o em a\u00e7o inoxid\u00e1vel. <span class=\"\" data-state=\"closed\"><span class=\"ms-1 inline-flex max-w-full items-center relative top-[-0.094rem] animate-[show_150ms_ease-in]\" data-testid=\"webpage-citation-pill\"><a class=\"flex h-4.5 overflow-hidden rounded-xl px-2 text-[9px] font-medium transition-colors duration-150 ease-in-out text-token-text-secondary! bg-[#F4F4F4]! dark:bg-[#303030]!\" href=\"https:\/\/support.apple.com\/pt-br\/111871?utm_source=chatgpt.com\" target=\"_blank\" rel=\"noopener\"><span class=\"relative start-0 bottom-0 flex h-full w-full items-center\"><span class=\"flex h-4 w-full items-center justify-between overflow-hidden\"><span class=\"max-w-[15ch] grow truncate overflow-hidden text-center\">Suporte Apple<\/span><\/span><\/span><\/a><\/span><\/span><br data-start=\"1268\" data-end=\"1271\" \/>Usa o chip <strong data-start=\"1282\" data-end=\"1296\">A15 Bionic<\/strong>, com CPU de 6 n\u00facleos e GPU de 5 n\u00facleos. <span class=\"\" data-state=\"closed\"><span class=\"ms-1 inline-flex max-w-full items-center relative top-[-0.094rem] animate-[show_150ms_ease-in]\" data-testid=\"webpage-citation-pill\"><a class=\"flex h-4.5 overflow-hidden rounded-xl px-2 text-[9px] font-medium transition-colors duration-150 ease-in-out text-token-text-secondary! bg-[#F4F4F4]! dark:bg-[#303030]!\" href=\"https:\/\/canaltech.com.br\/smartphone\/apple-iphone-13-lancamento-preco-ficha-tecnica-195642\/?utm_source=chatgpt.com\" target=\"_blank\" rel=\"noopener\"><span class=\"relative start-0 bottom-0 flex h-full w-full items-center\"><span class=\"flex h-4 w-full items-center justify-between\"><span class=\"max-w-[15ch] grow truncate overflow-hidden text-center\">Canaltech<\/span><span class=\"-me-1 flex h-full items-center rounded-full px-1 text-[#8F8F8F]\">+1<\/span><\/span><\/span><\/a><\/span><\/span><br data-start=\"1376\" data-end=\"1379\" \/>Tem sistema de <strong data-start=\"1394\" data-end=\"1410\">tr\u00eas c\u00e2meras<\/strong> de 12 MP: telefoto, grande-angular e ultra-angular, com zoom \u00f3ptico e \u00f3timas capacidades para fotos e v\u00eddeos. <span class=\"\" data-state=\"closed\"><span class=\"ms-1 inline-flex max-w-full items-center relative top-[-0.094rem] animate-[show_150ms_ease-in]\" data-testid=\"webpage-citation-pill\"><a class=\"flex h-4.5 overflow-hidden rounded-xl px-2 text-[9px] font-medium transition-colors duration-150 ease-in-out text-token-text-secondary! bg-[#F4F4F4]! dark:bg-[#303030]!\" href=\"https:\/\/support.apple.com\/pt-br\/111871?utm_source=chatgpt.com\" target=\"_blank\" rel=\"noopener\"><span class=\"relative start-0 bottom-0 flex h-full w-full items-center\"><span class=\"flex h-4 w-full items-center justify-between\"><span class=\"max-w-[15ch] grow truncate overflow-hidden text-center\">Suporte Apple<\/span><span class=\"-me-1 flex h-full items-center rounded-full px-1 text-[#8F8F8F]\">+1<\/span><\/span><\/span><\/a><\/span><\/span><br data-start=\"1558\" data-end=\"1561\" \/>Tela Super Retina XDR de <strong data-start=\"1586\" data-end=\"1594\">6,1\u2033<\/strong> com ProMotion (at\u00e9 120 Hz) para rolagem mais fluida e melhor resposta. <span class=\"\" data-state=\"closed\"><span class=\"ms-1 inline-flex max-w-full items-center relative top-[-0.094rem] animate-[show_150ms_ease-in]\" data-testid=\"webpage-citation-pill\"><a class=\"flex h-4.5 overflow-hidden rounded-xl px-2 text-[9px] font-medium transition-colors duration-150 ease-in-out text-token-text-secondary! bg-[#F4F4F4]! dark:bg-[#303030]!\" href=\"https:\/\/support.apple.com\/pt-br\/111871?utm_source=chatgpt.com\" target=\"_blank\" rel=\"noopener\"><span class=\"relative start-0 bottom-0 flex h-full w-full items-center\"><span class=\"flex h-4 w-full items-center justify-between overflow-hidden\"><span class=\"max-w-[15ch] grow truncate overflow-hidden text-center\">Suporte Apple<\/span><\/span><\/span><\/a><\/span><\/span><br data-start=\"1703\" data-end=\"1706\" \/>Tamb\u00e9m tem resist\u00eancia \u00e0 \u00e1gua e poeira com <strong data-start=\"1749\" data-end=\"1771\">classifica\u00e7\u00e3o IP68<\/strong> segundo norma IEC. <span class=\"\" data-state=\"closed\"><span class=\"ms-1 inline-flex max-w-full items-center relative top-[-0.094rem] animate-[show_150ms_ease-in]\" data-testid=\"webpage-citation-pill\"><a class=\"flex h-4.5 overflow-hidden rounded-xl px-2 text-[9px] font-medium transition-colors duration-150 ease-in-out text-token-text-secondary! bg-[#F4F4F4]! dark:bg-[#303030]!\" href=\"https:\/\/support.apple.com\/pt-br\/111871?utm_source=chatgpt.com\" target=\"_blank\" rel=\"noopener\"><span class=\"relative start-0 bottom-0 flex h-full w-full items-center\"><span class=\"flex h-4 w-full items-center justify-between overflow-hidden\"><span class=\"max-w-[15ch] grow truncate overflow-hidden text-center\">Suporte Apple<\/span><\/span><\/span><\/a><\/span><\/span><\/p>\n","protected":false},"excerpt":{"rendered":"<p data-start=\"2586\" data-end=\"2765\">iPhone 13 Pro 128 GB seminovo vitrine \u2014 sa\u00fade da bateria garantida entre 85% e 100%, original, testado, 90 dias de garantia.<\/p>","protected":false},"featured_media":10277,"comment_status":"open","ping_status":"closed","template":"","meta":{"_acf_changed":false,"om_disable_all_campaigns":false,"pagelayer_contact_templates":[],"_pagelayer_content":"","_monsterinsights_skip_tracking":false,"_monsterinsights_sitenote_active":false,"_monsterinsights_sitenote_note":"","_monsterinsights_sitenote_category":0},"product_brand":[236],"product_cat":[746],"product_tag":[455,261,701,653,687,708,258,446,684,709,686],"class_list":{"0":"post-10271","1":"product","2":"type-product","3":"status-publish","4":"has-post-thumbnail","6":"product_brand-iphone","7":"product_cat-celular-seminovo","8":"product_tag-128gb","9":"product_tag-apple","10":"product_tag-azul-sierra","11":"product_tag-bateria-85-100","12":"product_tag-celular-usado","13":"product_tag-grafite","14":"product_tag-iphone","15":"product_tag-iphone-13-pro","16":"product_tag-semi-novo","17":"product_tag-verde-alpino","18":"product_tag-vitrine","20":"first","21":"instock","22":"sale","23":"taxable","24":"shipping-taxable","25":"purchasable","26":"product-type-variable"},"acf":{"sob_encomenda":false,"desconto_automatico":"50","desconto_ativo":false},"aioseo_notices":[],"_links":{"self":[{"href":"https:\/\/edcelulares.com.br\/pt\/wp-json\/wp\/v2\/product\/10271","targetHints":{"allow":["GET"]}}],"collection":[{"href":"https:\/\/edcelulares.com.br\/pt\/wp-json\/wp\/v2\/product"}],"about":[{"href":"https:\/\/edcelulares.com.br\/pt\/wp-json\/wp\/v2\/types\/product"}],"replies":[{"embeddable":true,"href":"https:\/\/edcelulares.com.br\/pt\/wp-json\/wp\/v2\/comments?post=10271"}],"wp:featuredmedia":[{"embeddable":true,"href":"https:\/\/edcelulares.com.br\/pt\/wp-json\/wp\/v2\/media\/10277"}],"wp:attachment":[{"href":"https:\/\/edcelulares.com.br\/pt\/wp-json\/wp\/v2\/media?parent=10271"}],"wp:term":[{"taxonomy":"product_brand","embeddable":true,"href":"https:\/\/edcelulares.com.br\/pt\/wp-json\/wp\/v2\/product_brand?post=10271"},{"taxonomy":"product_cat","embeddable":true,"href":"https:\/\/edcelulares.com.br\/pt\/wp-json\/wp\/v2\/product_cat?post=10271"},{"taxonomy":"product_tag","embeddable":true,"href":"https:\/\/edcelulares.com.br\/pt\/wp-json\/wp\/v2\/product_tag?post=10271"}],"curies":[{"name":"wp","href":"https:\/\/api.w.org\/{rel}","templated":true}]}}

iPhone 13 Pro 128 GB &#8211; Semi novo Vitrine (Saúde da bateria 85-100%)

<p data-start="389" data-end="776">Esse é um <strong data-start="447" data-end="481">iPhone 13 Pro seminovo vitrine</strong>, original e testado, em perfeito funcionamento. Oferecemos <strong data-start="541" data-end="564">90 dias de garantia</strong> para defeitos de fabricação. O fornecedor garante saúde mínima de <strong data-start="631" data-end="649">85% na bateria</strong>, e dependendo do lote, a saúde pode chegar a <strong data-start="695" data-end="703">100%</strong> — por isso informamos o intervalo <strong data-start="738" data-end="749">85-100%</strong>, conforme o lote recebido.</p>
<p data-start="778" data-end="872">Por se tratar de aparelho seminovo vitrine, <strong data-start="822" data-end="839">não acompanha</strong> cabo, caixa ou manual originais.</p>
<p data-start="874" data-end="998">✔️ Produto original<br data-start="893" data-end="896" />✔️ Totalmente testado<br data-start="917" data-end="920" />✔️ Saúde da bateria garantida entre 85% e 100%<br data-start="966" data-end="969" />✔️ Pronto para uso imediato</p>
<p data-start="1000" data-end="1830"><strong data-start="1000" data-end="1044">Descrição oficial do fabricante (Apple):</strong><br data-start="1044" data-end="1047" />O iPhone 13 Pro foi lançado em 2021. <span class="" data-state="closed"><span class="ms-1 inline-flex max-w-full items-center relative top-[-0.094rem] animate-[show_150ms_ease-in]" data-testid="webpage-citation-pill"><a class="flex h-4.5 overflow-hidden rounded-xl px-2 text-[9px] font-medium transition-colors duration-150 ease-in-out text-token-text-secondary! bg-[#F4F4F4]! dark:bg-[#303030]!" href="https://support.apple.com/pt-br/111871?utm_source=chatgpt.com" target="_blank" rel="noopener"><span class="relative start-0 bottom-0 flex h-full w-full items-center"><span class="flex h-4 w-full items-center justify-between overflow-hidden"><span class="max-w-[15ch] grow truncate overflow-hidden text-center">Suporte Apple</span></span></span></a></span></span><br data-start="1121" data-end="1124" />Ele tem frente em <strong data-start="1142" data-end="1160">Ceramic Shield</strong>, parte de trás em vidro mate texturizado e armação em aço inoxidável. <span class="" data-state="closed"><span class="ms-1 inline-flex max-w-full items-center relative top-[-0.094rem] animate-[show_150ms_ease-in]" data-testid="webpage-citation-pill"><a class="flex h-4.5 overflow-hidden rounded-xl px-2 text-[9px] font-medium transition-colors duration-150 ease-in-out text-token-text-secondary! bg-[#F4F4F4]! dark:bg-[#303030]!" href="https://support.apple.com/pt-br/111871?utm_source=chatgpt.com" target="_blank" rel="noopener"><span class="relative start-0 bottom-0 flex h-full w-full items-center"><span class="flex h-4 w-full items-center justify-between overflow-hidden"><span class="max-w-[15ch] grow truncate overflow-hidden text-center">Suporte Apple</span></span></span></a></span></span><br data-start="1268" data-end="1271" />Usa o chip <strong data-start="1282" data-end="1296">A15 Bionic</strong>, com CPU de 6 núcleos e GPU de 5 núcleos. <span class="" data-state="closed"><span class="ms-1 inline-flex max-w-full items-center relative top-[-0.094rem] animate-[show_150ms_ease-in]" data-testid="webpage-citation-pill"><a class="flex h-4.5 overflow-hidden rounded-xl px-2 text-[9px] font-medium transition-colors duration-150 ease-in-out text-token-text-secondary! bg-[#F4F4F4]! dark:bg-[#303030]!" href="https://canaltech.com.br/smartphone/apple-iphone-13-lancamento-preco-ficha-tecnica-195642/?utm_source=chatgpt.com" target="_blank" rel="noopener"><span class="relative start-0 bottom-0 flex h-full w-full items-center"><span class="flex h-4 w-full items-center justify-between"><span class="max-w-[15ch] grow truncate overflow-hidden text-center">Canaltech</span><span class="-me-1 flex h-full items-center rounded-full px-1 text-[#8F8F8F]">+1</span></span></span></a></span></span><br data-start="1376" data-end="1379" />Tem sistema de <strong data-start="1394" data-end="1410">três câmeras</strong> de 12 MP: telefoto, grande-angular e ultra-angular, com zoom óptico e ótimas capacidades para fotos e vídeos. <span class="" data-state="closed"><span class="ms-1 inline-flex max-w-full items-center relative top-[-0.094rem] animate-[show_150ms_ease-in]" data-testid="webpage-citation-pill"><a class="flex h-4.5 overflow-hidden rounded-xl px-2 text-[9px] font-medium transition-colors duration-150 ease-in-out text-token-text-secondary! bg-[#F4F4F4]! dark:bg-[#303030]!" href="https://support.apple.com/pt-br/111871?utm_source=chatgpt.com" target="_blank" rel="noopener"><span class="relative start-0 bottom-0 flex h-full w-full items-center"><span class="flex h-4 w-full items-center justify-between"><span class="max-w-[15ch] grow truncate overflow-hidden text-center">Suporte Apple</span><span class="-me-1 flex h-full items-center rounded-full px-1 text-[#8F8F8F]">+1</span></span></span></a></span></span><br data-start="1558" data-end="1561" />Tela Super Retina XDR de <strong data-start="1586" data-end="1594">6,1″</strong> com ProMotion (até 120 Hz) para rolagem mais fluida e melhor resposta. <span class="" data-state="closed"><span class="ms-1 inline-flex max-w-full items-center relative top-[-0.094rem] animate-[show_150ms_ease-in]" data-testid="webpage-citation-pill"><a class="flex h-4.5 overflow-hidden rounded-xl px-2 text-[9px] font-medium transition-colors duration-150 ease-in-out text-token-text-secondary! bg-[#F4F4F4]! dark:bg-[#303030]!" href="https://support.apple.com/pt-br/111871?utm_source=chatgpt.com" target="_blank" rel="noopener"><span class="relative start-0 bottom-0 flex h-full w-full items-center"><span class="flex h-4 w-full items-center justify-between overflow-hidden"><span class="max-w-[15ch] grow truncate overflow-hidden text-center">Suporte Apple</span></span></span></a></span></span><br data-start="1703" data-end="1706" />Também tem resistência à água e poeira com <strong data-start="1749" data-end="1771">classificação IP68</strong> segundo norma IEC. <span class="" data-state="closed"><span class="ms-1 inline-flex max-w-full items-center relative top-[-0.094rem] animate-[show_150ms_ease-in]" data-testid="webpage-citation-pill"><a class="flex h-4.5 overflow-hidden rounded-xl px-2 text-[9px] font-medium transition-colors duration-150 ease-in-out text-token-text-secondary! bg-[#F4F4F4]! dark:bg-[#303030]!" href="https://support.apple.com/pt-br/111871?utm_source=chatgpt.com" target="_blank" rel="noopener"><span class="relative start-0 bottom-0 flex h-full w-full items-center"><span class="flex h-4 w-full items-center justify-between overflow-hidden"><span class="max-w-[15ch] grow truncate overflow-hidden text-center">Suporte Apple</span></span></span></a></span></span></p>

<p data-start="2586" data-end="2765">iPhone 13 Pro 128 GB seminovo vitrine — saúde da bateria garantida entre 85% e 100%, original, testado, 90 dias de garantia.</p>
